 are the prime factors of 9618?
2, 3, 7, 229
What are the prime factors of 3012?
2, 3, 251
What are the prime factors of 5655?
3, 5, 13, 29
List the prime factors of 35175.
3, 5, 7, 67
What are the prime factors of 1562?
2, 11, 71
List the prime factors of 832.
2, 13
List the prime factors of 130656.
2, 3, 1361
List the prime factors of 910.
2, 5, 7, 13
List the prime factors of 861.
3, 7, 41
What are the prime factors of 577?
577
What are the prime factors of 648?
2, 3
What are the prime factors of 11586?
2, 3, 1931
What are the prime factors of 14484?
2, 3, 17, 71
List the prime factors of 167774.
2, 149, 563
List the prime factors of 667.
23, 29
List the prime factors of 85806.
2, 3, 7, 227
What are the prime factors of 20584?
2, 31, 83
List the prime factors of 703.
19, 37
List the prime factors of 1355.
5, 271
What are the prime factors of 43482?
2, 3, 7247
List the prime factors of 8481.
3, 11, 257
List the prime factors of 2814.
2, 3, 7, 67
List the prime factors of 2159.
17, 127
List the prime factors of 539.
7, 11
What are the prime factors of 1980?
2, 3, 5, 11
What are the prime factors of 226?
2, 113
List the prime factors of 11719.
11719
List the prime factors of 90960.
2, 3, 5, 379
List the prime factors of 16113.
3, 41, 131
List the prime factors of 3189.
3, 1063
What are the prime factors of 1392?
2, 3, 29
What are the prime factors of 113527?
107, 1061
List the prime factors of 679.
7, 97
What are the prime factors of 4240?
2, 5, 53
List the prime factors of 23463.
3, 11, 79
What are the prime factors of 34256?
2, 2141
List the prime factors of 1646.
2, 823
List the prime factors of 6941.
11, 631
What are the prime factors of 285?
3, 5, 19
What are the prime factors of 122746?
2, 13, 4721
What are the prime factors of 1107?
3, 41
What are the prime factors of 14738?
2, 7369
List the prime factors of 69387.
3, 101, 229
List the prime factors of 3588.
2, 3, 13, 23
What are the prime factors of 43876?
2, 7, 1567
List the prime factors of 7720.
2, 5, 193
What are the prime factors of 10089?
3, 19, 59
List the prime factors of 61843.
61843
What are the prime factors of 5993?
13, 461
What are the prime factors of 185671?
83, 2237
List the prime factors of 12779.
13, 983
List the prime factors of 576.
2, 3
List the prime factors of 152277.
3, 193, 263
List the prime factors of 1416.
2, 3, 59
List the prime factors of 589.
19, 31
List the prime factors of 1446.
2, 3, 241
What are the prime factors of 6118?
2, 7, 19, 23
List the prime factors of 7191.
3, 17, 47
List the prime factors of 1373.
1373
List the prime factors of 5113.
5113
What are the prime factors of 346?
2, 173
List the prime factors of 1416.
2, 3, 59
List the prime factors of 91524.
2, 3, 29, 263
What are the prime factors of 2269?
2269
List the prime factors of 5336.
2, 23, 29
What are the prime factors of 145750?
2, 5, 11, 53
What are the prime factors of 129733?
129733
What are the prime factors of 10084?
2, 2521
What are the prime factors of 5777?
53, 109
List the prime factors of 67042.
2, 33521
What are the prime factors of 35888?
2, 2243
List the prime factors of 16859.
23, 733
List the prime factors of 68810.
2, 5, 7, 983
What are the prime factors of 1139?
17, 67
What are the prime factors of 659?
659
List the prime factors of 850.
2, 5, 17
List the prime factors of 180448.
2, 5639
What are the prime factors of 3063?
3, 1021
What are the prime factors of 2586?
2, 3, 431
What are the prime factors of 220?
2, 5, 11
List the prime factors of 40112.
2, 23, 109
List the prime factors of 921.
3, 307
List the prime factors of 6809.
11, 619
What are the prime factors of 30250?
2, 5, 11
What are the prime factors of 1835?
5, 367
What are the prime factors of 9738?
2, 3, 541
What are the prime factors of 2138?
2, 1069
What are the prime factors of 13826?
2, 31, 223
List the prime factors of 573.
3, 191
List the prime factors of 86.
2, 43
List the prime factors of 57.
3, 19
List the prime factors of 364.
2, 7, 13
List the prime factors of 57383.
57383
What are the prime factors of 301?
7, 43
What are the prime factors of 74787?
3, 97, 257
What are the prime factors of 1699?
1699
List the prime factors of 74967.
3, 24989
List the prime factors of 103713.
3, 181, 191
What are the prime factors of 2714?
2, 23, 59
List the prime factors of 2722.
2, 1361
List the prime factors of 6872.
2, 859
List the prime factors of 9161.
9161
List the prime factors of 7215.
3, 5, 13, 37
What are the prime factors of 1571?
1571
List the prime factors of 6098.
2, 3049
List the prime factors of 2076.
2, 3, 173
What are the prime factors of 17383?
17383
What are the prime factors of 3438?
2, 3, 191
List the prime factors of 35121.
3, 23, 509
List the prime factors of 41054.
2, 13, 1579
List the prime factors of 9262.
2, 11, 421
List the prime factors of 138382.
2, 69191
What are the prime factors of 472?
2, 59
List the prime factors of 1720.
2, 5, 43
List the prime factors of 7028.
2, 7, 251
What are the prime factors of 1736?
2, 7, 31
List the prime factors of 10.
2, 5
What are the prime factors of 39907?
7, 5701
What are the prime factors of 1049?
1049
What are the prime factors of 481?
13, 37
List the prime factors of 1548.
2, 3, 43
List the prime factors of 4174.
2, 2087
List the prime factors of 26999.
7, 19, 29
What are the prime factors of 166353?
3, 11, 71
List the prime factors of 7115.
5, 1423
What are the prime factors of 783?
3, 29
List the prime factors of 1776.
2, 3, 37
List the prime factors of 7154.
2, 7, 73
What are the prime factors of 10430?
2, 5, 7, 149
List the prime factors of 2999.
2999
What are the prime factors of 795?
3, 5, 53
List the prime factors of 363.
3, 11
List the prime factors of 12111.
3, 11, 367
List the prime factors of 2261.
7, 17, 19
List the prime factors of 29198.
2, 13, 1123
What are the prime factors of 3805?
5, 761
What are the prime factors of 23224?
2, 2903
What are the prime factors of 761?
761
What are the prime factors of 570?
2, 3, 5, 19
What are the prime factors of 1026?
2, 3, 19
What are the prime factors of 52?
2, 13
List the prime factors of 498.
2, 3, 83
What are the prime factors of 3655?
5, 17, 43
List the prime factors of 55416.
2, 3, 2309
What are the prime factors of 2414?
2, 17, 71
What are the prime factors of 3755?
5, 751
What are the prime factors of 1356?
2, 3, 113
List the prime factors of 2536.
2, 317
List the prime factors of 34525.
5, 1381
What are the prime factors of 29496?
2, 3, 1229
List the prime factors of 4636.
2, 19, 61
List the prime factors of 6317.
6317
What are the prime factors of 24732?
2, 3, 229
What are the prime factors of 637?
7, 13
List the prime factors of 1976.
2, 13, 19
List the prime factors of 79497.
3, 11, 73
List the prime factors of 84002.
2, 97, 433
List the prime factors of 29835.
3, 5, 13, 17
List the prime factors of 37906.
2, 11, 1723
What are the prime factors of 6231?
3, 31, 67
List the prime factors of 1485.
3, 5, 11
What are the prime factors of 792?
2, 3, 11
What are the prime factors of 2816?
2, 11
What are the prime factors of 6563?
6563
What are the prime factors of 1235?
5, 13, 19
List the prime factors of 10668.
2, 3, 7, 127
What are the prime factors of 70826?
2, 7, 5059
List the prime factors of 8956.
2, 2239
List the prime factors of 2173.
41, 53
What are the prime factors of 798?
2, 3, 7, 19
List the prime factors of 3596.
2, 29, 31
What are the prime factors of 55008?
2, 3, 191
List the prime factors of 2253.
3, 751
List the prime factors of 3373.
3373
What are the prime factors of 8827?
7, 13, 97
List the prime factors of 6468.
2, 3, 7, 11
What are the prime factors of 95103?
3, 10567
What are the prime factors of 14219?
59, 241
What are the prime factors of 1159?
19, 61
List the prime factors of 6615.
3, 5, 7
What are the prime factors of 945?
3, 5, 7
List the prime factors of 21758.
2, 11, 23, 43
What are the prime factors of 5262?
2, 3, 877
What are the prime factors of 29102?
2, 14551
List the prime factors of 731.
17, 43
What are the prime factors of 5303?
5303
List the prime factors of 83936.
2, 43, 61
What are the prime factors of 37200?
2, 3, 5, 31
What are the prime factors of 9185?
5, 11, 167
What are the prime factors of 1143?
3, 127
What are the prime factors of 